{"id":1088,"date":"2015-01-25T17:42:27","date_gmt":"2015-01-25T15:42:27","guid":{"rendered":"http:\/\/neu2013.torcenter-sachsen.de\/?page_id=1088"},"modified":"2015-01-27T08:51:58","modified_gmt":"2015-01-27T06:51:58","slug":"flaechenbuendige-tore","status":"publish","type":"page","link":"https:\/\/www.torcenter-sachsen.de\/?page_id=1088","title":{"rendered":"Fl\u00e4chenb\u00fcndige Tore &#8211; Individual"},"content":{"rendered":"<p><img loading=\"lazy\" decoding=\"async\" class=\"alignleft size-full wp-image-1094\" src=\"https:\/\/www.torcenter-sachsen.de\/wp-content\/uploads\/2015\/01\/logo_individual.png\" alt=\"logo_individual\" width=\"240\" height=\"165\" \/>Als spezielles Highlight bieten wir Ihnen eine Einzigartigkeit: das fl\u00e4chenb\u00fcndige Tor! Nahezu unsichtbar in Ihre Fassade integriert. (K)Ein Blickfang f\u00fcr die Ansicht Ihres Hauses&#8230;<\/p>\n<p>Lassen Sie Ihrer Fantasie freien Lauf&#8230;. Und Sie m\u00fcssen schon genau hinsehen, damit Sie es sehen: Ihr fassadenb\u00fcndiges Tor. Aluminium-, Kupfer-, Stein-, Kunststoff- oder Eternit-Auflagen: Wir k\u00f6nnen aus fast jedem Material ein Tor bauen. Die Anforderungen an die Unterkonstruktion sowohl der Fassade als auch der Zarge werden f\u00fcr jedes Tor werkseitig \u00fcberpr\u00fcft und falls erforderlich an die Gegebenheiten der Baustelle adaptiert.<\/p>\n<p>Dazu werden folgenden Informationen ben\u00f6tigt:<\/p>\n<ul>\n<li>Baustellenplan<\/li>\n<li>Gew\u00fcnschte Fassadenverkleidung (Material, St\u00e4rke)<\/li>\n<li>Gew\u00fcnschte Aufteilung und Gr\u00f6\u00dfe der Elemente<\/li>\n<\/ul>\n<p><strong>ngg_shortcode_0_placeholder<\/strong><\/p>\n","protected":false},"excerpt":{"rendered":"<p>Als spezielles Highlight bieten wir Ihnen eine Einzigartigkeit: das fl\u00e4chenb\u00fcndige Tor! Nahezu unsichtbar in Ihre Fassade integriert. (K)Ein Blickfang f\u00fcr die Ansicht Ihres Hauses&#8230; Lassen Sie Ihrer Fantasie freien Lauf&#8230;. Und Sie m\u00fcssen schon genau hinsehen, damit Sie es sehen: Ihr fassadenb\u00fcndiges Tor. Aluminium-, Kupfer-, Stein-, Kunststoff- oder Eternit-Auflagen: Wir k\u00f6nnen aus fast jedem Material [&hellip;]<\/p>\n","protected":false},"author":1,"featured_media":0,"parent":0,"menu_order":0,"comment_status":"open","ping_status":"closed","template":"","meta":{"ngg_post_thumbnail":0,"footnotes":""},"class_list":["post-1088","page","type-page","status-publish","hentry"],"_links":{"self":[{"href":"https:\/\/www.torcenter-sachsen.de\/index.php?rest_route=\/wp\/v2\/pages\/1088","targetHints":{"allow":["GET"]}}],"collection":[{"href":"https:\/\/www.torcenter-sachsen.de\/index.php?rest_route=\/wp\/v2\/pages"}],"about":[{"href":"https:\/\/www.torcenter-sachsen.de\/index.php?rest_route=\/wp\/v2\/types\/page"}],"author":[{"embeddable":true,"href":"https:\/\/www.torcenter-sachsen.de\/index.php?rest_route=\/wp\/v2\/users\/1"}],"replies":[{"embeddable":true,"href":"https:\/\/www.torcenter-sachsen.de\/index.php?rest_route=%2Fwp%2Fv2%2Fcomments&post=1088"}],"version-history":[{"count":5,"href":"https:\/\/www.torcenter-sachsen.de\/index.php?rest_route=\/wp\/v2\/pages\/1088\/revisions"}],"predecessor-version":[{"id":1123,"href":"https:\/\/www.torcenter-sachsen.de\/index.php?rest_route=\/wp\/v2\/pages\/1088\/revisions\/1123"}],"wp:attachment":[{"href":"https:\/\/www.torcenter-sachsen.de\/index.php?rest_route=%2Fwp%2Fv2%2Fmedia&parent=1088"}],"curies":[{"name":"wp","href":"https:\/\/api.w.org\/{rel}","templated":true}]}}