{"id":668,"date":"2010-09-15T08:20:47","date_gmt":"2010-09-15T06:20:47","guid":{"rendered":"http:\/\/elegantthemes.com\/preview\/DeepFocus\/?page_id=233"},"modified":"2015-01-27T09:10:44","modified_gmt":"2015-01-27T07:10:44","slug":"who-i-am","status":"publish","type":"page","link":"https:\/\/www.torcenter-sachsen.de\/?page_id=668","title":{"rendered":"Garagentore nach Ma\u00df!"},"content":{"rendered":"<p><a href=\"https:\/\/www.torcenter-sachsen.de\/wp-content\/uploads\/2013\/04\/Fotolia_44879742_S.jpg\"><img loading=\"lazy\" decoding=\"async\" class=\"alignleft size-medium wp-image-846\" src=\"https:\/\/www.torcenter-sachsen.de\/wp-content\/uploads\/2013\/04\/Fotolia_44879742_S-300x199.jpg\" alt=\"Garagen\" width=\"300\" height=\"199\" srcset=\"https:\/\/www.torcenter-sachsen.de\/wp-content\/uploads\/2013\/04\/Fotolia_44879742_S-300x199.jpg 300w, https:\/\/www.torcenter-sachsen.de\/wp-content\/uploads\/2013\/04\/Fotolia_44879742_S-330x220.jpg 330w, https:\/\/www.torcenter-sachsen.de\/wp-content\/uploads\/2013\/04\/Fotolia_44879742_S-207x136.jpg 207w, https:\/\/www.torcenter-sachsen.de\/wp-content\/uploads\/2013\/04\/Fotolia_44879742_S-140x94.jpg 140w, https:\/\/www.torcenter-sachsen.de\/wp-content\/uploads\/2013\/04\/Fotolia_44879742_S.jpg 850w\" sizes=\"auto, (max-width: 300px) 100vw, 300px\" \/><\/a>Herzlich Willkommen auf der Webseite des Torcenter Sachsen.<\/p>\n<p>Auf den folgenden Seiten finden Sie Informationen rund um unser Unternehmen und \u00fcber unsere Produkte. Wenn Sie W\u00fcnsche oder Fragen haben, kontaktieren Sie uns, wir stehen Ihnen gern zur Verf\u00fcgung.<\/p>\n<p>Garagentore nach Ma\u00df&#8230;.<\/p>\n<p>&#8230;von preiswert bis exclusiv!<\/p>\n<p>Egal ob Einzel- oder Doppelgarage, Stahltor oder komplettes Aluminiumtor, Deckensektionaltor oder Seitensektionaltor, handbet\u00e4tigt oder mit elektrischem Antrieb&#8230;<\/p>\n<p>Wir haben das spezielle Tor f\u00fcr Sie!<\/p>\n","protected":false},"excerpt":{"rendered":"<p>Herzlich Willkommen auf der Webseite des Torcenter Sachsen. Auf den folgenden Seiten finden Sie Informationen rund um unser Unternehmen und \u00fcber unsere Produkte. Wenn Sie W\u00fcnsche oder Fragen haben, kontaktieren Sie uns, wir stehen Ihnen gern zur Verf\u00fcgung. Garagentore nach Ma\u00df&#8230;. &#8230;von preiswert bis exclusiv! Egal ob Einzel- oder Doppelgarage, Stahltor oder komplettes Aluminiumtor, Deckensektionaltor [&hellip;]<\/p>\n","protected":false},"author":1,"featured_media":845,"parent":0,"menu_order":10,"comment_status":"open","ping_status":"closed","template":"","meta":{"ngg_post_thumbnail":0,"footnotes":""},"class_list":["post-668","page","type-page","status-publish","has-post-thumbnail","hentry"],"_links":{"self":[{"href":"https:\/\/www.torcenter-sachsen.de\/index.php?rest_route=\/wp\/v2\/pages\/668","targetHints":{"allow":["GET"]}}],"collection":[{"href":"https:\/\/www.torcenter-sachsen.de\/index.php?rest_route=\/wp\/v2\/pages"}],"about":[{"href":"https:\/\/www.torcenter-sachsen.de\/index.php?rest_route=\/wp\/v2\/types\/page"}],"author":[{"embeddable":true,"href":"https:\/\/www.torcenter-sachsen.de\/index.php?rest_route=\/wp\/v2\/users\/1"}],"replies":[{"embeddable":true,"href":"https:\/\/www.torcenter-sachsen.de\/index.php?rest_route=%2Fwp%2Fv2%2Fcomments&post=668"}],"version-history":[{"count":9,"href":"https:\/\/www.torcenter-sachsen.de\/index.php?rest_route=\/wp\/v2\/pages\/668\/revisions"}],"predecessor-version":[{"id":1125,"href":"https:\/\/www.torcenter-sachsen.de\/index.php?rest_route=\/wp\/v2\/pages\/668\/revisions\/1125"}],"wp:featuredmedia":[{"embeddable":true,"href":"https:\/\/www.torcenter-sachsen.de\/index.php?rest_route=\/wp\/v2\/media\/845"}],"wp:attachment":[{"href":"https:\/\/www.torcenter-sachsen.de\/index.php?rest_route=%2Fwp%2Fv2%2Fmedia&parent=668"}],"curies":[{"name":"wp","href":"https:\/\/api.w.org\/{rel}","templated":true}]}}