{"id":868,"date":"2013-04-05T22:04:06","date_gmt":"2013-04-05T20:04:06","guid":{"rendered":"http:\/\/neu2013.torcenter-sachsen.de\/?page_id=868"},"modified":"2017-03-16T10:05:22","modified_gmt":"2017-03-16T08:05:22","slug":"seitensektionaltore","status":"publish","type":"page","link":"https:\/\/www.torcenter-sachsen.de\/?page_id=868","title":{"rendered":"Deckensektionaltore &#8211; Pegasus"},"content":{"rendered":"<p><img loading=\"lazy\" decoding=\"async\" class=\"alignleft size-full wp-image-1103\" src=\"https:\/\/www.torcenter-sachsen.de\/wp-content\/uploads\/2013\/04\/logo_pegasus.png\" alt=\"logo_pegasus\" width=\"240\" height=\"208\" \/>Deckensektionaltore der Reihe &#8222;Pegasus&#8220; bestehen aus mehreren, \u00fcbereinander angeordneten Elementen, den Sektionen.\u00a0Diese haben eine\u00a0H\u00f6he von etwa 50 cm und sind\u00a0als stabile Alu-Rahmenkonstruktion oder als Stahl-Sandwichpanneel aufgebaut.\u00a0Je nach Modellvariante ist der\u00a0Rahmen mit Alu-Platten oder Holz belegt, bzw. die Sandwichpanneele mit verschiedenen Pr\u00e4gungen versehen.\u00a0Die Sektionen der Deckensektionaltore sind untereinander mit kompakten Scharnieren aus Edelstahl verbunden.\u00a0Gef\u00fchrt werden diese Sektionen von kugelgelagerten Laufrollen (zumindest bei uns) in seitlichen Laufschienen aus Aluminium oder verzinktem Stahlblech (je nach Modell).<\/p>\n<p>Gutto<em>mat\u00ae<\/em> \u2013 Deckensektionaltore Pegasus bieten Ihnen folgende Vorteile:<\/p>\n<ul>\n<li>Torblatter generell <strong>40!!mm w\u00e4rmeged\u00e4mmt<\/strong> mit FCKW-freiem PUR-Schaum (au\u00dfer Modell CUSTOM, dort als Option)<\/li>\n<li>Torblatter aus Stahlblech verzinkt\u00a0\u00a0und farbbeschichtet bzw. aus Aluminium<\/li>\n<li><strong>Laufrollen<\/strong> prinzipiell <strong>kugelgelagert<\/strong> und staubgesch\u00fctzt<\/li>\n<li>Die einzelnen Lamellen sind mit <strong>kompakten Scharnieren aus Edelstahl<\/strong> verbunden (au\u00dfer BASIC)<\/li>\n<li>Bei Normalbeschlag innliegende Seilf\u00fchrung<\/li>\n<li><strong>Gutto<\/strong><em>mat\u00ae<\/em>&#8211; Fingerklemmschutz<\/li>\n<li>Verschiedene Beschlagsarten; z.B. Niedrigsturzbeschlag oder h\u00f6hergef\u00fchrte Laufschienen usw. m\u00f6glich<\/li>\n<li>Bei Toren mit elektrischem Antrieb wird das Torblatt\u00a0immer ohne Au\u00dfenverschlu\u00df gefertigt \u2013 h\u00f6herer Einbruchsschutz!!<\/li>\n<li>Es kann die\u00a0Toreinfahrt komplett zur Ein- und Ausfahrt genutzt werden \u2013 keine Bauteile in der lichten \u00d6ffnung!<\/li>\n<\/ul>\nngg_shortcode_0_placeholder\n","protected":false},"excerpt":{"rendered":"<p>Deckensektionaltore der Reihe &#8222;Pegasus&#8220; bestehen aus mehreren, \u00fcbereinander angeordneten Elementen, den Sektionen.\u00a0Diese haben eine\u00a0H\u00f6he von etwa 50 cm und sind\u00a0als stabile Alu-Rahmenkonstruktion oder als Stahl-Sandwichpanneel aufgebaut.\u00a0Je nach Modellvariante ist der\u00a0Rahmen mit Alu-Platten oder Holz belegt, bzw. die Sandwichpanneele mit verschiedenen Pr\u00e4gungen versehen.\u00a0Die Sektionen der Deckensektionaltore sind untereinander mit kompakten Scharnieren aus Edelstahl verbunden.\u00a0Gef\u00fchrt werden diese [&hellip;]<\/p>\n","protected":false},"author":1,"featured_media":1019,"parent":0,"menu_order":40,"comment_status":"open","ping_status":"closed","template":"","meta":{"ngg_post_thumbnail":0,"footnotes":""},"class_list":["post-868","page","type-page","status-publish","has-post-thumbnail","hentry"],"_links":{"self":[{"href":"https:\/\/www.torcenter-sachsen.de\/index.php?rest_route=\/wp\/v2\/pages\/868","targetHints":{"allow":["GET"]}}],"collection":[{"href":"https:\/\/www.torcenter-sachsen.de\/index.php?rest_route=\/wp\/v2\/pages"}],"about":[{"href":"https:\/\/www.torcenter-sachsen.de\/index.php?rest_route=\/wp\/v2\/types\/page"}],"author":[{"embeddable":true,"href":"https:\/\/www.torcenter-sachsen.de\/index.php?rest_route=\/wp\/v2\/users\/1"}],"replies":[{"embeddable":true,"href":"https:\/\/www.torcenter-sachsen.de\/index.php?rest_route=%2Fwp%2Fv2%2Fcomments&post=868"}],"version-history":[{"count":19,"href":"https:\/\/www.torcenter-sachsen.de\/index.php?rest_route=\/wp\/v2\/pages\/868\/revisions"}],"predecessor-version":[{"id":1192,"href":"https:\/\/www.torcenter-sachsen.de\/index.php?rest_route=\/wp\/v2\/pages\/868\/revisions\/1192"}],"wp:featuredmedia":[{"embeddable":true,"href":"https:\/\/www.torcenter-sachsen.de\/index.php?rest_route=\/wp\/v2\/media\/1019"}],"wp:attachment":[{"href":"https:\/\/www.torcenter-sachsen.de\/index.php?rest_route=%2Fwp%2Fv2%2Fmedia&parent=868"}],"curies":[{"name":"wp","href":"https:\/\/api.w.org\/{rel}","templated":true}]}}